d?
6
Let g be ((-816)/60 + 12)*(-38 + -2). What is the greatest common factor of 104 and g?
8
Suppose -3*r = 5*y - 8048, 0 = 1678*y - 1679*y + 1. What is the greatest common divisor of 42 and r?
7
Let i be 1/(-2)*(-85)/(3230/577372). What is the highest common factor of 71 and i?
71
Suppose 1012*g - 996*g = 608. Calculate the greatest common divisor of 114 and g.
38
Let p(r) = 1880*r - 799. Let j be p(7). Calculate the highest common divisor of 47 and j.
47
Let s(j) = 625*j**2 + 72*j - 72. Let x be s(1). Calculate the highest common divisor of 100 and x.
25
Suppose 2313*q - 2355*q = -237048. What is the highest common factor of q and 204?
68
Suppose -3*h + 127 = 2*z, z + 4*h = h + 59. Let j = -62 + z. Suppose 39 + 9 = j*r. What is the greatest common divisor of r and 56?
8
Let f = 71 - 14. Suppose -3*o + f = -2*c, -o - 99 = -5*o - 5*c. Let r = -28 + 49. What is the greatest common divisor of r and o?
21
Suppose -3*s = -40 - 5. Let o be ((-6)/s)/(3/(-105)). Suppose v - 17 = -u, -137*v = 5*u - 133*v - 82. Calculate the greatest common divisor of o and u.
14
Suppose -25*a + 215 = -85. Let g be (1 - (-1)/1)*216. What is the greatest common factor of a and g?
12
Suppose -3*g = 5*z - 1365, 2*z - 3*g = -66 + 591. What is the highest common divisor of 110 and z?
10
Suppose -115 = -2*c + 173. Let b(w) = -w - 7. Let t be b(0). Let z be (8 + t)*2*8. Calculate the highest common divisor of c and z.
16
Let j(i) = -14 - 5*i + 31 + 10. Let h be j(-12). Calculate the highest common divisor of h and 29.
29
Let p be 6 - 11/(88/(-104)). Suppose -7*g + 228 = -3*g. Calculate the highest common factor of g and p.
19
Let f(r) = -146*r - 5. Let a be f(-5). Suppose 20*k = 35 + a. Calculate the highest common divisor of 209 and k.
19
Let a be 1/(-5) - (-241)/5. Let y = a + -34. Let k = 134141 + -134139. What is the highest common factor of k and y?
2
Suppose -2*k + 48 = -k. Let m be (-132)/(-20) + 54/(-90). Let x be m/(-12)*(-38 + 6). What is the greatest common factor of k and x?
16
Suppose 5*d = d - 104. Let r be (d/8 - -3) + (-1845)/(-20). Suppose -5*l + r = -13. What is the highest common divisor of 63 and l?
21
Let h(a) = -3*a + 173. Let b be h(39). Let n = 61 - b. What is the greatest common factor of 5 and n?
5
Let x = -22117 + 22237. What is the greatest common factor of x and 815?
5
Let x(o) = -o**3 + 17*o**2 - 2*o - 86. Let b be x(16). Calculate the greatest common factor of b and 874.
46
Let i(l) = -l**2 - 16*l - 9. Let z be i(-16). Let g(c) = -8*c + 5. Let q be g(-2). Let v = z + q. Calculate the highest common divisor of 12 and v.
12
Let t be (-4)/(-24) - (-85)/30. Let s(l) = l**2 - 6*l + 7. Let v be s(t). Let g be (22/(-4))/(v/4). Calculate the greatest common divisor of g and 1.
1
Suppose 3*v + 4*l - 59 = 163, -155 = -2*v - 5*l. Let d = v - 64. Suppose d = -10*c + 12*c. Calculate the highest common divisor of c and 33.
3
Suppose 32*t - 26*t = 1548. What is the highest common divisor of 2193 and t?
129
Suppose -4347 - 18213 = -10*c. What is the highest common divisor of c and 24?
24
Suppose -133*c = 5*q - 130*c - 791, -4*c - 492 = -3*q. What is the highest common factor of q and 1640?
40
Suppose -7*d + 30 = -4*d. Let w be 16368/126 - (-8)/84. What is the highest common factor of d and w?
10
Let c(b) = -3*b**3 + 6*b**2 + 41*b + 76. Let o be c(-19). Calculate the greatest common factor of 95 and o.
95
Suppose 16*j - 5*s + 2728 = 19*j, -1824 = -2*j - 2*s. Calculate the highest common divisor of 12 and j.
4
Let g(p) = 26*p**2 - 5*p - 623. Let l be g(-17). What is the highest common factor of 981 and l?
109
Let v = -2013 - -2733. Suppose q - 92 = -2*z, 0*q - 152 = -3*z + 2*q. Calculate the greatest common factor of v and z.
48
Let u(h) = 2*h**2 + 20*h - 520. Let w be u(12). What is the highest common factor of w and 1776?
8
Let s = 222 + -140. Let d(w) = 464*w - 31084. Let i be d(67). Calculate the highest common factor of i and s.
2
Let s(r) = r**2 - 1. Let v(t) = 56*t**2 + t - 4. Let p(a) = -2*s(a) + v(a). Let o be p(1). Let k = o - 17. What is the highest common factor of 24 and k?
12
Let j be 1*(-4 + -1)/5. Let g be -3 + 0 - 21*(j + 0). Suppose -50 = -4*z + g. Calculate the greatest common factor of z and 51.
17
Suppose -22*t + 46*t - 269*t + 14700 = 0. What is the highest common factor of 3492 and t?
12
Let a(m) = 71*m - 110 - 44*m - 11*m. Let q be a(8). What is the highest common divisor of q and 45?
9
Suppose -2*k + 81 = 57. Suppose 3*l = -9, k = -3*o - 3*l - 0*l. Let t be (4 - 167/(-3)) + o/(-3). What is the greatest common divisor of t and 40?
20
Let n be (-2)/(-3) + (-12110)/(-105). Calculate the highest common factor of 34916 and n.
116
Let x = 127 - 72. Suppose 26*a + 12 = 28*a. Let q be 32/a + 6/(-18). What is the highest common factor of x and q?
5
Suppose -i = -2*j - 34, i = 4*j - 128 + 158. Let f(z) = 30*z**2 + 28*z**2 - z + 0*z. Let c be f(1). Calculate the highest common divisor of c and i.
19
Suppose y = -2*y + 741. Let n be 3 - -20*(-32)/(-40). What is the greatest common divisor of y and n?
19
Let l(u) = 31*u - 4. Let m be l(-2). Suppose -18 + 270 = 2*o. Let b = o - m. Calculate the greatest common factor of 24 and b.
24
Suppose -7*p + 61 - 12 = 0. Suppose 0 = -2*s + 3*s. Suppose -u - 2 + 9 = s. What is the greatest common factor of p and u?
7
Suppose -3*r = -40*r + 2442. Let y be (16/(-12)*-9)/(-1). Let l = y - -56. What is the greatest common factor of r and l?
22
Suppose 5*g + 185 = -4*k, k = -4*g - 11 - 38. Let u = 166 + k. Suppose 13*l = 67*l + 142*l - 2156. What is the highest common factor of l and u?
11
Let i(z) be the first derivative of -13*z**2/2 + 52*z + 68. Let g be i(-13). Calculate the highest common divisor of g and 17.
17
Suppose 0 = 3*k + k - 288. Suppose 77*d = k*d + 550. What is the greatest common factor of d and 88?
22
Suppose 2*s = 5*y - 4215, -3*y - 18*s + 2508 = -15*s. Calculate the greatest common divisor of 116 and y.
29
Let o be (-1)/(8/(-12))*22. Let f = o - 12. Let v be (-64)/224 + 46/14. What is the highest common divisor of f and v?
3
Let k(j) = 6*j**2 + 2*j + 8. Let u be k(-6). Suppose -4*g - 620 = -4*v, 2*g + 2411 = v + 2260. What is the greatest common divisor of u and v?
53
Let m = -12249 - -19195. Calculate the highest common divisor of m and 115.
23
Let i = -16 - -27. Suppose -i = -4*c + p, 0*c + 3*p + 5 = -2*c. Suppose -5*q - d + 32 = 0, 2*q - q - c*d = 13. What is the greatest common factor of 63 and q?
7
Suppose -60*u - 12 = -63*u, 0 = 5*k + 5*u - 160. Calculate the greatest common divisor of k and 21.
7
Suppose -15 = -8*b + 5*b. Suppose 0 = -w - b*w. Suppose 3*a = -3*g + 6, -3*a + w*g + 6 = 4*g. Calculate the greatest common factor of a and 18.
2
Suppose -5*m = f - 5*f - 62, -13 = -m + f. Let r(u) = 3*u + 31. Let l be r(-7). Let v be (4/l)/((-1)/(-50))*1. What is the greatest common divisor of v and m?
10
Suppose 21*k = 26*k + 4*p - 446, 357 = 4*k + 3*p. What is the highest common factor of 5190 and k?
30
Suppose 0 = -92*z + 9624 - 5208. Calculate the greatest common factor of 1784 and z.
8
Let q(a) = -a + 4560. Let z be q(0). Suppose 33*k + z = 45*k. What is the greatest common factor of k and 76?
76
Let o(b) = b**3 - 22*b**2 + 41*b - 15. Let y be o(20). Let a be (-3 - y)*(-4)/16 + 47. Calculate the greatest common factor of 7 and a.
7
Suppose -2*o = 2*v - 25456, 2135*v - 2130*v = 5*o + 63610. What is the highest common factor of v and 25?
25
Let a be (13 - (-340)/(-30)) + 38/6. Let o(k) = k**3 - 6*k**2 - 15*k - 7. Let r be o(8). Calculate the highest common divisor of r and a.
1
Suppose 2*b + 3*u = 56889, 2*b + 409*u - 56871 = 408*u. Calculate the highest common factor of b and 81.
81
Let f be (-88)/(-6) - ((-50)/(-30))/(-5). Let v(r) = -r**3 + 17*r**2 - 10*r + 50. Let d be v(f). Calculate the highest common divisor of d and 28.
14
Let z = 1801 - 1768. Calculate the highest common factor of z and 1727.
11
Let c(q) = 6*q**3 - 5*q + 13. Let f be c(2). Let l be 17/f + 250/6. Calculate the greatest common divisor of 462 and l.
42
Suppose -5*l + 3*g + 22 = 0, -4*l + 3*g + 7 = -13. Suppose -5*r + y = -1717, y - 680 = -l*r - 2*y. What is the highest common divisor of 49 and r?
49
Let v(o) = 8*o + 135. Let r(n) = 2*n - 1. Let f(u) = -5*r(u) - v(u). Let d be f(-36). Calculate the highest common divis